3 - (27 - (-9 - 2))?
35
What is the value of (8 - 10) + (-16 - -15)?
-3
Evaluate -14 - -1 - (52 + -11 - 47).
-7
What is the value of -1 + (-1 - -6) - (16 + -4 + -6)?
-2
What is -15 + 11 + (-21 - -26)?
1
What is the value of (8 + -6 - 7) + (1 - -11) + -1?
6
What is the value of 11 + -4 + -1 + 1 + (-13 - -4)?
-2
What is 27 + -55 + 37 - (-14 - 1)?
24
Evaluate 15 - (-37 + 27 - (-15 + -1)).
9
-5 + 9 + -1 - (-16 + 5)
14
What is the value of -11 + -9 + 7 + (2 - (2 - 2))?
-11
Evaluate (-5 + 22 + 1 - 12) + 5.
11
Evaluate -11 - (-7 + -7 + 9) - (0 - 14).
8
What is 17 + (-15 - 13) - (1 + -6)?
-6
Evaluate (-9 - 7 - -5) + -62 + 56.
-17
-4 + -9 + 51 + -47 - 18
-27
Calculate 11 + (-16 - -39) + -16.
18
What is 4 - (-11 + 22 + 2) - -34?
25
Evaluate -6 + -2 + (-7 - -7) + -14 + 0.
-22
-17 + -1 - -2 - (-23 - (11 - 31))
-13
Evaluate -7 - (-30 + -6) - 17.
12
Evaluate (2 + -2 - (-26 - -20)) + -4.
2
What is (4 + 2 - 11) + 5 + -6 + 6?
0
Calculate -7 + -7 - -1 - -13 - (0 + 1).
-1
Calculate -2 - -43 - (-25 + 17 - -18).
31
What is the value of -9 - (6 - 27) - 4 - 16?
-8
Calculate 10 - (24 - 18 - (-1 - -3)).
6
-607 + 572 - (-1 + 2)
-36
What is the value of -11 + 21 + -25 - -15?
0
(0 - (-5 + (2 - 1))) + (2 - 4)
2
7 - ((-3 - -11) + (-1 - -3)) - -9
6
Evaluate 5 + 9 - -15 - 22.
7
Calculate (1 - 13) + (3 - -4) - -15.
10
What is 0 - ((-10 - (-4 - 1)) + 4 + 17)?
-16
Calculate 7 - (-7 + 4) - (112 + -80).
-22
What is -30 + -22 - -11 - -20?
-21
Evaluate -1 + (0 + (-3 - (6 + -4)) - 4).
-10
What is the value of (10 - (1 + 1) - 9) + (-1 - -2)?
0
Evaluate 1 + -4 + 2 + -5 + -5.
-11
5 - ((35 - 40) + 1 + -1)
10
-26 + 23 + (-6 - (-3 + 8 + -4))
-10
What is the value of 16 + -14 + 9 - 4 - (2 - 2)?
7
-4 - 5 - (3 + -12)
0
What is the value of 10 - (-2 - -19) - (-1 - (-2 + 4))?
-4
What is (-9 - (-9 - (8 - 24)) - -8) + 9?
1
Evaluate -12 - 17 - -15 - (-4 + 2 - -5).
-17
Evaluate 0 - 5 - (-23 - (-8 + -6)).
4
Evaluate 92 - 92 - (-6 - 2).
8
3 + -7 + 10 + 10 + -28
-12
What is -1 + 4 + (8 - (11 - 6))?
6
Calculate -2 - (-7 - 7) - 4.
8
What is -11 - ((-18 - 4) + 20)?
-9
What is the value of -4 + 9 + (11 - (8 + -2))?
10
3 + (-16 - (-26 + 10))
3
What is (1 + -15 - (317 - 321)) + -12?
-22
Calculate 17 + (28 - 53) + 22 + 1.
15
Calculate -6 + (-4 + 0 - (-3 - 2) - -15).
10
14 - 1 - ((-66 - -45) + 15)
19
What is the value of (13 - -1 - (-1 - -24)) + 4 + 1?
-4
What is 22 - (36 + 2) - -6?
-10
Calculate -21 + -2 - (6 + -5) - (110 + -120).
-14
9 + -11 + -8 + 13
3
Evaluate -25 - -30 - (5 - 8).
8
What is the value of (0 - (-1 - 2)) + (-1 - -3) + -9?
-4
What is 13 + 2 + -128 + 130?
17
What is the value of -12 + -3 - (-33 - 5 - -32)?
-9
What is -11 - -55 - ((12 - 8) + -5 + 13)?
32
Evaluate (-18 + 1 - -17) + -16.
-16
Evaluate (-4 - (0 + -3)) + (25 - 18).
6
(-3 - 27) + -9 - -26
-13
What is the value of (9 - (-5 - -10)) + -8 + (6 - 7)?
-5
2 + -1 + 7 + -3 + -23 + 6
-12
5 + (-2 - 9) + 2 - -3
-1
Evaluate -2 + (-49 - -56) + 5 + -1.
9
Evaluate 10 - (-5 + (7 - -1 - 7)).
14
Calculate 11 + -51 + 16 + 20.
-4
-20 + (-4 - -7) - -14
-3
What is the value of (8 - 4) + (-12 - 3) + 2?
-9
What is 8 - 0 - (-9 + 8 + 7 - 9)?
11
What is 3 + -7 + (2 - 7 - -19)?
10
What is the value of 6 - (0 + 2 + 9 + 4 + 4)?
-13
What is the value of -1 - -1 - -8 - ((-21 - -10) + 14)?
5
Calculate (-57 - 1) + 0 + 16 - -8.
-34
Evaluate -22 + (39 - 22) + 13.
8
Calculate -1 + -1 + 8 + (10 - (31 - 3)).
-12
-23 + 2 - (-5 - 4 - -4)
-16
(-26 - -7) + -16 - -22
-13
Evaluate 2 + 0 - (1 - (-2 - 3)) - -5.
1
Evaluate (142 - 160) + (56 - (3 - -1)).
34
Calculate 5 - 13 - -5 - (-9 + (-2 - -20)).
-12
Calculate -2 + -1 - (27 - 2 - 17).
-11
(-19 - 9) + (6 - (0 + -4))
-18
What is 6 + (-20 - (-7 - 8))?
1
Evaluate 4 + 1 + -2 - (-53 - -70).
-14
What is -23 - (17 - (17 - -7))?
-16
What is the value of (1 + -3 - -5) + 4 + -13?
-6
Calculate (17 - 6 - 0) + (9 - 17).
3
What is 8 + (-6 - (-2 - -1)) + -12?
-9
What is 23 - (-64 + 67 + (2 - (-3 - -3)))?
18
(10 + -4 + 0 - (10 + -3)) + -9
-10
365 - 364 - (0 - 1)
2
2 + -6 + -5 - 4
-13
What is -8 + (-21 - -20 - (-1 + -8))?
0
What is the value of -9 + (-1 - -8 - 4) + 10?
4
-4 + (0 - (6 + -11 - -2))
-1
Calculate (1 - 3 - 11) + 23.
10
What is the value of -1 + -5 + 5 - (5 + -6)?
0
Calculate -1 + 7 + (-10 - -13 - 8).
1
(11 - (-22 - -24)) + -13
-4
Evaluate (16 + -30 - -11) + 17 + 1.
15
Evaluate 0 + 6 + 10 - (0 + 0).
16
What is 20 - (20 - 2 - 5)?
7
Evaluate 230 - 215 - (19 - 0).
-4
What is -12 - ((-10 - (-25 + 19)) + (0 - 1))?
-7
What is (12 - (9 + 14)) + 5?
-6
What is the value of 12 + 15 + (12 - (1 - -10))?
28
(38 - 3) + (605 - 657)
-17
What is the value of (18 - (20 - 2 - 13)) + 1?
14
Calculate 2 - (11 + -4 + 6 + -13 + -8).
10
Calculate (11 - 6) + -16 + 5 + -5 + 0.
-11
What is -7 - (-12 - -10 - -1) - -4?
-2
Calculate -13 + -28 + 32 + (-2 - -3 - 6).
-14
What is the value of 9 + 1 - (-86 - -90)?
6
Calculate 0 + 3 + -9 + 55 + -47.
2
What is -3 - 6 - (-6 + 4) - (-6 - -3)?
-4
What is the value of (-23 - -13) + -12 + 36?
14
What is the value of -1 - (-7 + 36) - -7?
-23
What is (8 - 11) + -3 + 8 - -10?
12
What is the value of -12 + (-21 + 17 + -5 - -18)?
-3
What is the value of -21 + (21 - 12) + (-2 + 3 - -6)?
-5
What is the value of 13 + (-7 - (-8 + 7) - 0)?
7
Evaluate (13 - -1) + 19 + 19 + -28.
24
What is the value of -2 + -1 + 11 + (15 - -7 - 43)?
-13
Calculate -9 + 7 + (10 - (3 - 6)).
11
What is -1 - (11 - 0 - (-22 + 25))?
-9
-6 - (2 + -14) - 10
-4
What is the value of (-9 - (0 - 1)) + 14 + 7?
13
6 + -19 + 9 + 8
4
Evaluate -283 + 280 - (-3 + 0 + -2).
2
What is (-71 - 4 - -29) + 57?
11
Calculate 3 - (7 - 14 - 1).
11
(1 - (-7 - (5 - 14))) + 1 + 10
10
What is -1 - -32 - (-9 + 22 + 3 + -17)?
32
What is the value of (-5 - (9 + -7 + 1 + -2)) + -16?
-22
What is 1 - (17 - (42 - 36))?
-10
Calculate -26 + 11 + 9 - (1 - -3 - 0).
-10
(0 + 10 - (8 - 5) - 7) + 20
20
-23 + (13 - (2 - -6))
-18
What is (-40 + 18 - -21) + 0?
-1
What is -6 + 9 - 6 - (-15 + 5)?
7
What is (-10 - 1) + (61 - 56)?
-6
Calculate (-15 + (-28 - -55) - (5 + 0)) + -16.
-9
What is -13 + (2 - 13 - (-177 + 123))?
30
(1 - 22) + -4 - -22
-3
Calculate -13 + 17 + -15 - (-7 - -1).
-5
25 + -37 + -31 - -11
-32
Calculate (5 - -1) + (-14 + 5 + -3 - -3).
-3
What is -8 - ((-8 - -21) + 3 + -9)?
-15
Calculate 3 + (4 - -9) + (5 - -2).
23
(2 - 35) + 0 + (451 - 438)
-20
What is the value of -11 - (-2 - -6) - (-21 + -11)?
17
Evaluate -17 + -14 - -19 - -1.
-11
(0 - 16) + (108 - 116)
-24
What is the value of -13 + (38 - (-18 - -36))?
7
What is (-6 - 39) + 31 + -3?
-17
What is the value of 32 + (-1 - 37 - -15)?
9
What is 54 - (16 - 37 - -52)?
23
What is 0 + -17 - (-291 - -289)?
-15
Calculate -6 - (-6 - (2 + -2 + 10 - 4)).
6
Evaluate -18 + 35 + -23 - -11.
5
Evaluate 25 - 2 - (65 + -65).
23
What is the value of 11 + (-10 + 10 - 1) + 12?
22
What is (24 - -4) + -81 + 47?
-6
(5 - 10 - (-10 + 15)) + 39 + -2
27
What is -6 - ((2 + 4 - (4 + 0)) + -1)?
-7
What is 36 + -25 - (20 + 0)?
-9
What is the value of 22 + (-1 - 16) - ((-4 - -2) + 13)?
-6
What is 7 - -2 - (12 - 15)?
12
What is the value of -7 + -6 + (-9 - -17 - (5 + -2))?
-8
Evaluate -3 + -1 - (15 - -1).
-20
Evaluate -23 + (17 - (-28 + 33)).
-11
-6 - ((-12 - -19) + (0 - 17) - -4)
0
Evaluate -2 - (41 + -12) - (-20 + 17).
-28
What is 12 + (5 + -14 - -8)?
11
What is the value of (-20 - 3) + 36 + 1?
14
Calculate 1 + (4 + -2 + 5 - 2).
6
(0 - 35) + 672 + -607
30
What is the value of 4 + -6 + -8 - (-11 + 25 + -5)?
-19
Calculate -11 + (-15 - (-8 + 2) - -2) - 5.
-23
Evaluate -2 - -26 - (-403 - -430).
-3
0 + (-29 - -7) - (-7 + -7 - -6)
-14
Evaluate -22 - ((33 - 23) + -18).
-14
Calculate (10 - 10) + (-5 - -24).
19
What is the value of -26 - (2 - 0 - -4 - (-131 - -140))?
-23
Calculate (4 - -1 - 1) + (-1 - (4 + 13)).
-14
Calculate -33 - (6 + -58 + 23).
-4
What is -152 - -137 - (-1 + 0)?
-14
What is -47 + 57 + (-1 - (-11 + 1))?
19
What is 9 + (-8 + 3 - -4) + 6 + -11?
3
What is (0 + -3 - (27 - 38)) + -30 - -1?
-21
0 + -7 + (-1961 - -2006)
38
Evaluate -31 + (19 - 1) + (-10 - -3).
-20
What is 69 - 62 - (1 + -1 + 19)?
-12
Calculate -20 + 23 + -2 - (-1 + 8).
-6
Evaluate (-3 - (6 - 2)) + 17 + -5.
5
What is the value of -26 - -33 - (1 - -5) - (0 + 6)?
-5
What is -1 + -3 - (16 - (4 + 9)) - -10?
3
Evaluate 8 + -16 + 12 - 3.
1
Calculate 8 + (-5 - (2 + (-1 - -1))) - 4.
-3
What is the value of 52